{"id":1268,"date":"2021-10-26T05:11:15","date_gmt":"2021-10-26T05:11:15","guid":{"rendered":"https:\/\/anabelarocha.online\/?page_id=1268"},"modified":"2021-10-26T05:11:16","modified_gmt":"2021-10-26T05:11:16","slug":"recomendacao-areas-de-servico-autocaravanas-asas","status":"publish","type":"page","link":"https:\/\/anabelarocha.online\/?page_id=1268","title":{"rendered":"Recomenda\u00e7\u00e3o \u00c1reas de Servi\u00e7o Autocaravanas (ASAs)"},"content":{"rendered":"\n<p>Foi aprovada em reuni\u00e3o de C\u00e2mara de 22 de Outubro uma dota\u00e7\u00e3o de cerca de 100 mil euros a eventualmente investir at\u00e9 ao fim do ano em itens n\u00e3o contemplados nas Grandes Op\u00e7\u00f5es do Plano.<br><br>A Assembleia Municipal recomenda que seja usada no seguinte investimento: cria\u00e7\u00e3o de \u00c1reas de Servi\u00e7o para Autocaravanas, ASAs.<br><br>As raz\u00f5es para esta op\u00e7\u00e3o prendem-se com o seguinte: o combate \u00e0 sazonalidade tur\u00edstica no concelho; o aproveitamento de infraestruturas j\u00e1 existentes; a oferta de servi\u00e7os a um tipo de turismo que cresceu muito em tempos pand\u00e9micos; o combate ao parqueamento ilegal.<br><br>Neste sentido prop\u00f5e-se a constru\u00e7\u00e3o destas ASAs em tr\u00eas locais, j\u00e1 com parqueamento: Alameda de S\u00e3o Pedro\/Jardim da Igreja na Lagoa de Albufeira, Parque Augusto P\u00f3lvora, terrenos da Feira Festa na Quinta do Conde. Onde necess\u00e1rio seriam constru\u00eddos Wcs ( eventualmente com duches), e parqueamento para despejo de \u00e1guas sujas e cassete da sanita, assim como torneira de rosca para abastecimento de \u00e1gua. Estes servi\u00e7os estariam dispon\u00edveis mediante pagamento duma pequena taxa. Os lugares de parqueamento para este fim estariam devidamente identificados e com as restri\u00e7\u00f5es consideradas adequadas na semana, m\u00eas ou \u00e9poca. Existir\u00e3o avisos a proibir a abertura de toldos, a coloca\u00e7\u00e3o de mesas e cadeiras no exterior, o acendimento de fogareiros e o despejo de l\u00edquidos fora dos locais apropriados.<\/p>\n\n\n\n<p>Os sistemas de pagamento garantir\u00e3o uma monitoriza\u00e7\u00e3o rigorosa do uso respons\u00e1vel e transparente do equipamento e poder\u00e3o incluir parcerias com o com\u00e9rcio local para venda de fichas. A gest\u00e3o corrente dos equipamentos deve caminhar para um equil\u00edbrio or\u00e7amental entre o uso, a necessidade de recursos humanos, e o gasto de consum\u00edveis.<\/p>\n\n\n\n<p>Ser\u00e1 importante avaliar a qualidade do sinal de rede nesses locais para servir adequadamente um novo e importante nicho tur\u00edstico, os n\u00f3madas digitais.<\/p>\n","protected":false},"excerpt":{"rendered":"<p>Foi aprovada em reuni\u00e3o de C\u00e2mara de 22 de Outubro uma dota\u00e7\u00e3o de cerca de 100 mil euros a eventualmente investir at\u00e9 ao fim do ano em itens n\u00e3o contemplados nas Grandes Op\u00e7\u00f5es do Plano. A Assembleia Municipal recomenda que seja usada no seguinte investimento: cria\u00e7\u00e3o de \u00c1reas de Servi\u00e7o para Autocaravanas, ASAs. As raz\u00f5es &hellip;<\/p>\n<p class=\"read-more\"> <a class=\"\" href=\"https:\/\/anabelarocha.online\/?page_id=1268\"> <span class=\"screen-reader-text\">Recomenda\u00e7\u00e3o \u00c1reas de Servi\u00e7o Autocaravanas (ASAs)<\/span> Read More &raquo;<\/a><\/p>\n","protected":false},"author":1,"featured_media":0,"parent":0,"menu_order":0,"comment_status":"closed","ping_status":"closed","template":"","meta":{"om_disable_all_campaigns":false,"_monsterinsights_skip_tracking":false,"_monsterinsights_sitenote_active":false,"_monsterinsights_sitenote_note":"","_monsterinsights_sitenote_category":0,"footnotes":""},"class_list":["post-1268","page","type-page","status-publish","hentry"],"_links":{"self":[{"href":"https:\/\/anabelarocha.online\/index.php?rest_route=\/wp\/v2\/pages\/1268","targetHints":{"allow":["GET"]}}],"collection":[{"href":"https:\/\/anabelarocha.online\/index.php?rest_route=\/wp\/v2\/pages"}],"about":[{"href":"https:\/\/anabelarocha.online\/index.php?rest_route=\/wp\/v2\/types\/page"}],"author":[{"embeddable":true,"href":"https:\/\/anabelarocha.online\/index.php?rest_route=\/wp\/v2\/users\/1"}],"replies":[{"embeddable":true,"href":"https:\/\/anabelarocha.online\/index.php?rest_route=%2Fwp%2Fv2%2Fcomments&post=1268"}],"version-history":[{"count":1,"href":"https:\/\/anabelarocha.online\/index.php?rest_route=\/wp\/v2\/pages\/1268\/revisions"}],"predecessor-version":[{"id":1269,"href":"https:\/\/anabelarocha.online\/index.php?rest_route=\/wp\/v2\/pages\/1268\/revisions\/1269"}],"wp:attachment":[{"href":"https:\/\/anabelarocha.online\/index.php?rest_route=%2Fwp%2Fv2%2Fmedia&parent=1268"}],"curies":[{"name":"wp","href":"https:\/\/api.w.org\/{rel}","templated":true}]}}