{"id":1068,"date":"2021-04-12T05:26:35","date_gmt":"2021-04-12T05:26:35","guid":{"rendered":"http:\/\/anabelarocha.online\/?page_id=1068"},"modified":"2021-10-21T16:04:35","modified_gmt":"2021-10-21T16:04:35","slug":"about","status":"publish","type":"page","link":"https:\/\/anabelarocha.online\/?page_id=1068","title":{"rendered":"Sobre"},"content":{"rendered":"\n<div class=\"wp-block-cover alignfull has-background-dim\" style=\"background-color:#1b1f29;min-height:380px;aspect-ratio:unset;\"><div class=\"wp-block-cover__inner-container is-layout-flow wp-block-cover-is-layout-flow\">\n<h1 class=\"has-text-align-center has-white-color has-text-color wp-block-heading\">Sobre<\/h1>\n\n\n\n<p class=\"has-text-align-center\"><strong>Eleita deputada municipal nas elei\u00e7\u00f5es aut\u00e1rquicas de 2021<\/strong><\/p>\n\n\n\n<p class=\"has-text-align-center\">Desde Julho de 2018 administra a p\u00e1gina FB Lagoa de Albufeira, Amar e Cuidar hoje com o t\u00edtulo Sesimbra+Democracia+Vida+Transpar\u00eancia+Diversidade+Inova\u00e7\u00e3o.<\/p>\n<\/div><\/div>\n\n\n\n<div class=\"wp-block-group alignfull has-background is-layout-flow wp-block-group-is-layout-flow\" style=\"background-color:#f8f9fc\"><div class=\"wp-block-group__inner-container\"><\/div><\/div>\n\n\n\n<div class=\"wp-block-group alignwide is-layout-flow wp-block-group-is-layout-flow\"><div class=\"wp-block-group__inner-container\">\n<div class=\"wp-block-media-text alignwide is-stacked-on-mobile is-vertically-aligned-center\"><figure class=\"wp-block-media-text__media\"><img loading=\"lazy\" decoding=\"async\" width=\"311\" height=\"276\" src=\"http:\/\/anabelarocha.online\/wp-content\/uploads\/2021\/10\/foto-minha-flyer-2.jpg\" alt=\"\" class=\"wp-image-1202 size-full\" srcset=\"https:\/\/anabelarocha.online\/wp-content\/uploads\/2021\/10\/foto-minha-flyer-2.jpg 311w, https:\/\/anabelarocha.online\/wp-content\/uploads\/2021\/10\/foto-minha-flyer-2-300x266.jpg 300w\" sizes=\"auto, (max-width: 311px) 100vw, 311px\" \/><\/figure><div class=\"wp-block-media-text__content\">\n<div class=\"wp-block-group is-layout-flow wp-block-group-is-layout-flow\"><div class=\"wp-block-group__inner-container\">\n<h2 class=\"wp-block-heading\"><em>C<\/em>urr\u00edculo completo<\/h2>\n\n\n\n<p><strong>Habilita\u00e7\u00f5es (por ordem cronol\u00f3gica)<\/strong><\/p>\n\n\n\n<p>Licenciatura em Filosofia<\/p>\n\n\n\n<p>P\u00f3s-Gradua\u00e7\u00e3o em Jornalismo<\/p>\n\n\n\n<p>MBA Audiovisual e Multimedia<\/p>\n\n\n\n<p>Mestrado em Filosofia Contempor\u00e2nea<\/p>\n\n\n\n<p><\/p>\n\n\n\n<p><strong>Profiss\u00e3o (por ordem cronol\u00f3gica)<\/strong><\/p>\n\n\n\n<p>Professora ensino secund\u00e1rio 1989-2018<\/p>\n\n\n\n<p>Empres\u00e1ria de turismo 2011-actualidade<\/p>\n\n\n\n<p><\/p>\n\n\n\n<p><strong>Associativismo (por ordem cronol\u00f3gica)<\/strong><\/p>\n\n\n\n<p>Presidente da Associa\u00e7\u00e3o de Estudantes da Faculdade de Letras da Universidade do Porto<\/p>\n\n\n\n<p>Representante da Associa\u00e7\u00e3o Ilga Portugal junto da Ilga Europe<\/p>\n\n\n\n<p>Vice-Presidente da Associa\u00e7\u00e3o Opus Gay<\/p>\n\n\n\n<p>Membro da Comiss\u00e3o Estrat\u00e9gica das Panteras Rosa<\/p>\n\n\n\n<p>Presidente da Associa\u00e7\u00e3o de Moradores da Baixa Pombalina<\/p>\n\n\n\n<p>Presidente da Associa\u00e7\u00e3o Clube Safo<\/p>\n\n\n\n<p><\/p>\n\n\n\n<div class=\"wp-block-buttons is-layout-flex wp-block-buttons-is-layout-flex\">\n<div class=\"wp-block-button\"><a class=\"wp-block-button__link\" href=\"anabelarocha.assembleia@gmail.com\">Contactar<\/a><\/div>\n<\/div>\n<\/div><\/div>\n<\/div><\/div>\n<\/div><\/div>\n\n\n\n<div class=\"wp-block-group alignwide is-layout-flow wp-block-group-is-layout-flow\"><div class=\"wp-block-group__inner-container\">\n<hr class=\"wp-block-separator aligncenter has-text-color has-background\" style=\"background-color:#2925f4;color:#2925f4\"\/>\n<\/div><\/div>\n","protected":false},"excerpt":{"rendered":"<p>Curr\u00edculo completo Habilita\u00e7\u00f5es (por ordem cronol\u00f3gica) Licenciatura em Filosofia P\u00f3s-Gradua\u00e7\u00e3o em Jornalismo MBA Audiovisual e Multimedia Mestrado em Filosofia Contempor\u00e2nea Profiss\u00e3o (por ordem cronol\u00f3gica) Professora ensino secund\u00e1rio 1989-2018 Empres\u00e1ria de turismo 2011-actualidade Associativismo (por ordem cronol\u00f3gica) Presidente da Associa\u00e7\u00e3o de Estudantes da Faculdade de Letras da Universidade do Porto Representante da Associa\u00e7\u00e3o Ilga Portugal junto &hellip;<\/p>\n<p class=\"read-more\"> <a class=\"\" href=\"https:\/\/anabelarocha.online\/?page_id=1068\"> <span class=\"screen-reader-text\">Sobre<\/span> Read More &raquo;<\/a><\/p>\n","protected":false},"author":1,"featured_media":0,"parent":0,"menu_order":0,"comment_status":"closed","ping_status":"closed","template":"","meta":{"om_disable_all_campaigns":false,"_monsterinsights_skip_tracking":false,"_monsterinsights_sitenote_active":false,"_monsterinsights_sitenote_note":"","_monsterinsights_sitenote_category":0,"footnotes":""},"class_list":["post-1068","page","type-page","status-publish","hentry"],"_links":{"self":[{"href":"https:\/\/anabelarocha.online\/index.php?rest_route=\/wp\/v2\/pages\/1068","targetHints":{"allow":["GET"]}}],"collection":[{"href":"https:\/\/anabelarocha.online\/index.php?rest_route=\/wp\/v2\/pages"}],"about":[{"href":"https:\/\/anabelarocha.online\/index.php?rest_route=\/wp\/v2\/types\/page"}],"author":[{"embeddable":true,"href":"https:\/\/anabelarocha.online\/index.php?rest_route=\/wp\/v2\/users\/1"}],"replies":[{"embeddable":true,"href":"https:\/\/anabelarocha.online\/index.php?rest_route=%2Fwp%2Fv2%2Fcomments&post=1068"}],"version-history":[{"count":4,"href":"https:\/\/anabelarocha.online\/index.php?rest_route=\/wp\/v2\/pages\/1068\/revisions"}],"predecessor-version":[{"id":1238,"href":"https:\/\/anabelarocha.online\/index.php?rest_route=\/wp\/v2\/pages\/1068\/revisions\/1238"}],"wp:attachment":[{"href":"https:\/\/anabelarocha.online\/index.php?rest_route=%2Fwp%2Fv2%2Fmedia&parent=1068"}],"curies":[{"name":"wp","href":"https:\/\/api.w.org\/{rel}","templated":true}]}}